of 5665937?
5665937
List the prime factors of 1387391.
97, 14303
List the prime factors of 991752.
2, 3, 31, 43
What are the prime factors of 59626?
2, 7, 4259
What are the prime factors of 9597759?
3, 3199253
List the prime factors of 6526146.
2, 3, 11, 61, 1621
What are the prime factors of 7523219?
11, 827
List the prime factors of 799726.
2, 281, 1423
What are the prime factors of 3946087?
23, 37, 4637
List the prime factors of 1556296.
2, 7, 27791
List the prime factors of 1820378.
2, 7, 130027
What are the prime factors of 37929295?
5, 17, 446227
What are the prime factors of 1260657?
3, 46691
What are the prime factors of 181517?
7, 25931
What are the prime factors of 380239?
17, 22367
What are the prime factors of 550323?
3, 47, 1301
What are the prime factors of 1428160?
2, 5, 4463
What are the prime factors of 255590?
2, 5, 61, 419
What are the prime factors of 32775?
3, 5, 19, 23
What are the prime factors of 410571?
3, 7, 19
What are the prime factors of 40866057?
3, 73, 62201
What are the prime factors of 2646000?
2, 3, 5, 7
List the prime factors of 61447.
43, 1429
List the prime factors of 266847.
3, 7, 97, 131
List the prime factors of 2878584.
2, 3, 277, 433
What are the prime factors of 28705014?
2, 3, 13, 61, 2011
What are the prime factors of 3091186?
2, 7, 19, 11621
What are the prime factors of 295364?
2, 41, 1801
List the prime factors of 5874.
2, 3, 11, 89
List the prime factors of 991907.
7, 31, 653
List the prime factors of 49570.
2, 5, 4957
List the prime factors of 347165.
5, 7, 13, 109
What are the prime factors of 2440094?
2, 19, 157, 409
What are the prime factors of 5125138?
2, 1489, 1721
What are the prime factors of 444888?
2, 3, 37, 167
What are the prime factors of 1435483?
7, 205069
What are the prime factors of 4121262?
2, 3, 228959
What are the prime factors of 13653582?
2, 3, 23, 98939
List the prime factors of 13663785.
3, 5, 29, 101, 311
List the prime factors of 9791811.
3, 229, 4751
What are the prime factors of 16518528?
2, 3, 13, 1103
List the prime factors of 851826.
2, 3, 141971
What are the prime factors of 9352926?
2, 3, 11, 47237
List the prime factors of 258758.
2, 129379
What are the prime factors of 31455?
3, 5, 233
List the prime factors of 347532.
2, 3, 28961
List the prime factors of 11540712.
2, 3, 61, 7883
List the prime factors of 392292.
2, 3, 17, 641
What are the prime factors of 8429663?
11, 766333
List the prime factors of 1141283.
11, 13, 23, 347
List the prime factors of 30661680.
2, 3, 5, 7, 18251
List the prime factors of 202213.
11, 31, 593
What are the prime factors of 17166054?
2, 3, 2861009
What are the prime factors of 421708?
2, 7, 15061
What are the prime factors of 6256150?
2, 5, 211, 593
What are the prime factors of 428091?
3, 142697
List the prime factors of 546363.
3, 17, 3571
What are the prime factors of 842376?
2, 3, 35099
What are the prime factors of 9702908?
2, 131, 18517
List the prime factors of 134340.
2, 3, 5, 2239
What are the prime factors of 584757?
3, 43, 1511
List the prime factors of 2159911.
13, 166147
List the prime factors of 146583.
3, 61, 89
What are the prime factors of 1360504?
2, 170063
What are the prime factors of 2385506?
2, 1192753
What are the prime factors of 26170638?
2, 3, 13, 19, 17659
What are the prime factors of 309161?
101, 3061
List the prime factors of 529658.
2, 264829
List the prime factors of 102944.
2, 3217
List the prime factors of 5162715.
3, 5, 47, 2441
What are the prime factors of 60546?
2, 3, 10091
What are the prime factors of 6076424?
2, 759553
List the prime factors of 99932.
2, 7, 43, 83
What are the prime factors of 3683276?
2, 37, 41, 607
What are the prime factors of 1136032?
2, 131, 271
What are the prime factors of 118062?
2, 3, 7, 937
What are the prime factors of 4014867?
3, 43, 31123
What are the prime factors of 3835309?
37, 103657
List the prime factors of 2403464.
2, 7, 167, 257
What are the prime factors of 424627?
7, 60661
List the prime factors of 232129.
232129
List the prime factors of 462723.
3, 17, 43, 211
What are the prime factors of 38875?
5, 311
What are the prime factors of 896901?
3, 47, 6361
List the prime factors of 4277864.
2, 139, 3847
What are the prime factors of 367049?
367049
What are the prime factors of 1512557?
1512557
List the prime factors of 3830737.
3830737
List the prime factors of 2177528.
2, 272191
What are the prime factors of 3657656?
2, 239, 1913
What are the prime factors of 41461?
7, 5923
List the prime factors of 747454.
2, 23, 16249
List the prime factors of 322200.
2, 3, 5, 179
List the prime factors of 3693734.
2, 11, 379, 443
List the prime factors of 617573.
11, 23, 2441
List the prime factors of 15326627.
15326627
What are the prime factors of 1936872?
2, 3, 7, 61
What are the prime factors of 2403864?
2, 3, 31, 359
What are the prime factors of 586379?
103, 5693
What are the prime factors of 11382223?
71, 160313
What are the prime factors of 8448376?
2, 1056047
What are the prime factors of 27459?
3, 113
What are the prime factors of 6186333?
3, 23, 89657
List the prime factors of 10196014.
2, 5098007
List the prime factors of 1238267.
1238267
List the prime factors of 720544.
2, 11, 23, 89
What are the prime factors of 5760998?
2, 2880499
List the prime factors of 9221676.
2, 3, 431, 1783
List the prime factors of 7974817.
107, 74531
List the prime factors of 634140.
2, 3, 5, 13, 271
List the prime factors of 2885564.
2, 11, 65581
List the prime factors of 375140.
2, 5, 18757
What are the prime factors of 62047?
62047
List the prime factors of 142450.
2, 5, 7, 11, 37
What are the prime factors of 327159?
3, 7, 577
List the prime factors of 424388.
2, 17, 79
What are the prime factors of 5472327?
3, 7, 260587
List the prime factors of 4251037.
7, 17, 139, 257
List the prime factors of 9156644.
2, 7, 327023
What are the prime factors of 3925920?
2, 3, 5, 8179
List the prime factors of 5661186.
2, 3, 521, 1811
List the prime factors of 2504285.
5, 7, 71551
List the prime factors of 644977.
644977
List the prime factors of 3675211.
3675211
List the prime factors of 7570966.
2, 13, 291191
List the prime factors of 210243.
3, 11, 23, 277
List the prime factors of 268858.
2, 179, 751
List the prime factors of 2784.
2, 3, 29
What are the prime factors of 246441?
3, 13, 71, 89
List the prime factors of 1152937.
1152937
What are the prime factors of 1307932?
2, 326983
List the prime factors of 152798.
2, 19, 4021
What are the prime factors of 234565?
5, 43, 1091
What are the prime factors of 122798?
2, 13, 4723
What are the prime factors of 6502051?
61, 106591
What are the prime factors of 16766013?
3, 11, 67, 7583
List the prime factors of 3444637.
7, 79, 6229
List the prime factors of 348086.
2, 269, 647
List the prime factors of 27769.
7, 3967
What are the prime factors of 800058?
2, 3, 7, 43, 443
What are the prime factors of 5777327?
109, 53003
What are the prime factors of 12773040?
2, 3, 5, 7, 7603
List the prime factors of 976681.
479, 2039
List the prime factors of 266570.
2, 5, 19, 23, 61
What are the prime factors of 806357?
23, 35059
What are the prime factors of 579692?
2, 23, 6301
List the prime factors of 1584827.
1584827
List the prime factors of 3588696.
2, 3, 49843
List the prime factors of 9086714.
2, 7, 13, 49927
List the prime factors of 986409.
3, 127, 863
What are the prime factors of 3871714?
2, 7, 11, 31, 811
What are the prime factors of 339226?
2, 19, 79, 113
What are the prime factors of 14979212?
2, 883, 4241
What are the prime factors of 263087?
11, 23917
What are the prime factors of 263689?
457, 577
What are the prime factors of 235502?
2, 117751
List the prime factors of 27777768.
2, 3, 733, 1579
List the prime factors of 524390.
2, 5, 41, 1279
What are the prime factors of 3302368?
2, 31, 3329
List the prime factors of 5388956.
2, 101, 13339
What are the prime factors of 1416092?
2, 354023
List the prime factors of 27001313.
73, 283, 1307
What are the prime factors of 625272?
2, 3, 26053
What are the prime factors of 6325752?
2, 3, 263573
What are the prime factors of 4944877?
7, 29, 24359
List the prime factors of 426719.
23, 18553
What are the prime factors of 276819?
3, 53, 1741
What are the prime factors of 3378180?
2, 3, 5, 